What are the prime factors of c?
137
Let y(n) = -2 - 1 + 7*n + 13*n. Let u be y(2). Suppose -4*b = -x - 87, 2*x = -4*b + 53 + u. What are the prime factors of b?
2, 11
Let u = 179 + -124. Let z = 42 + u. What are the prime factors of z?
97
Let b = -92 - -295. List the prime factors of b.
7, 29
Suppose f = 4*d + 570 - 1509, 5*f = -3*d + 710. Suppose 0 = -10*m + 5*m + d. What are the prime factors of m?
47
List the prime factors of (-15)/(-165) + 19073/11.
2, 3, 17
Let d be (3 - 28/8)*-10. Let s be (6/(-15))/(d/(-50)). Suppose 109 = 4*m + 3*t, 3*t + 27 = m + s*t. What are the prime factors of m?
2, 7
Suppose s + s - 2*y = -4, s - 4 = -2*y. Suppose s = -3*d + 6*d - 114. What are the prime factors of d?
2, 19
Let i(o) = o**2 + 21*o + 24. Let z be i(-20). Let r(a) = 5*a**2 - a - 1. List the prime factors of r(z).
3, 5
Let m be 162/8 + 7/(-28). Suppose -5*r + 3*q + 207 = 0, -5*r + q - 83 = -282. Let z = r - m. List the prime factors of z.
19
Suppose 0 = 2*b + 5*k - 46, -3*k + 19 + 31 = 2*b. Suppose 0 = n + 5*v + b - 3, -4*n - 3*v = 49. Let r = n + 20. List the prime factors of r.
2, 5
Let c(h) = 170*h - 448. What are the prime factors of c(10)?
2, 313
Let b = 38 - 21. Let o = 48 + b. What are the prime factors of o?
5, 13
Let c(t) = t - 7. Let q be c(6). Let k be 1/((-2)/(4/q)). Suppose k*i = i + 4. List the prime factors of i.
2
Let q(m) = 6*m - 5*m + 0 + 4*m**2 - 2 + m**3. Let p be q(-3). What are the prime factors of -1 - (8/p - 9)?
2, 3
Let i be (-14 + 7 + 5)/((-4)/(-502)). Let w = i - -375. List the prime factors of w.
2, 31
Let n(v) = 7*v**2 + 11*v - 51. What are the prime factors of n(7)?
3, 41
List the prime factors of -6 - 1649*(2 - 1)*-1.
31, 53
Suppose -69*x = -74*x + 12870. List the prime factors of x.
2, 3, 11, 13
Let v = 504 - 292. What are the prime factors of v?
2, 53
Suppose 2*b + 4 + 2 = 0, -d - 4*b = -3219. List the prime factors of d.
3, 359
Let c(q) = 7*q**3 + 8*q + 5. List the prime factors of c(3).
2, 109
Let j = 6 + 2. What are the prime factors of (j + -2)/((-6)/(-64))?
2
Suppose -6*z + 45357 = 7*z. Suppose -14*j + z = 829. What are the prime factors of j?
2, 5, 19
Suppose 153 = -3*a + 4*l, -3*a + 4*l = 2*a + 255. Let t = a + 143. What are the prime factors of t?
2, 23
Suppose 639 = 3*n - 5*i, 206 = n - 2*i - 2*i. Suppose -o = 3*r + o - n, -3*r = 4*o - 226. Suppose -4*l = -r + 10. List the prime factors of l.
3, 5
Let b(a) be the first derivative of -a**3/3 - 25*a**2/2 - 38*a - 43. What are the prime factors of b(-22)?
2, 7
Let v(i) = 5*i + 44. Let l be v(14). Suppose t - 5*w + 2*w = l, -5*t - 4*w = -646. What are the prime factors of t?
2, 3, 7
Suppose -2*n - 2*d = -5*n + 110, 54 = n - 5*d. Suppose 0 = -2*k - 0*k + 4*q + 34, -2*k - 3*q = -n. List the prime factors of k.
17
Let j be ((-4)/(-8))/(1/4). Suppose -4*z + 90 = -j*z. Suppose -3*u + 30 + z = 0. List the prime factors of u.
5
Let g(b) = -47*b + 24. Let t be g(-4). Suppose -i - 2*v = -163, 2*i + v - t = 108. What are the prime factors of i?
3, 53
Let i be (3 + -2)/(7/35). Let g(l) = 3*l + 20. Let y(u) = -2*u - 10. Let s(v) = i*y(v) + 2*g(v). What are the prime factors of s(-11)?
2, 17
Let k = -633 - -1206. What are the prime factors of k?
3, 191
List the prime factors of -10 - (-723 - (-27)/3).
2, 11
Let h(x) = 3*x - 16. Let q be h(6). What are the prime factors of 20*4*q/16?
2, 5
Let k be (-36)/(-6)*(-6)/(-4). Suppose -6*d - 123 = -k*d. Let h = 83 - d. What are the prime factors of h?
2, 3, 7
Let y = 205 - 139. Let f = y - 9. List the prime factors of f.
3, 19
Suppose -3*u + 2 = -13. Suppose -s = -u - 11. Let y = 65 - s. What are the prime factors of y?
7
Suppose 0 = -5*f - f + 12. Let m(i) = 6*i + i**f + 2*i**2 + 9 + 4*i**2 + i**3. List the prime factors of m(-5).
29
Suppose -81*f = -170863 + 19636. List the prime factors of f.
1867
Suppose 5*s + l + 29 = -3*l, 0 = -4*l + 16. Let a = 13 + s. What are the prime factors of a?
2
Suppose 2*v = -2*a + 10, 2*v - 4 = -0. Let q = -6 + a. What are the prime factors of (-1)/q + (-570)/(-18)?
2
Let h be 45/((32/(-80))/((-4)/(-15))). Let g(q) = -2*q - 4. Let s be g(5). Let t = s - h. List the prime factors of t.
2
Let q be (12 - 2)*-2*3/(-15). What are the prime factors of (q + (-198)/12)/((-1)/6)?
3, 5
Let n be 20/25*5/2. Suppose n*s - 7*s + 22 = -2*o, -2*s = 3*o - 5. List the prime factors of -23*(1 + 0)/o.
23
Let n = -6 + 10. Suppose -3*t - 4*k - 4 = 0, 0*t = n*t - k - 20. Suppose 2*o + t*h - 62 = 0, 6*o - 2*o - 2*h - 84 = 0. List the prime factors of o.
23
Suppose 0 = -l + 2*l + 5*z - 296, -2*z = -3*l + 803. What are the prime factors of l?
271
Let t(r) = r**3 - r + 4. Let j be t(0). What are the prime factors of -2*(-2)/j - (21 - 24)?
2
Let h = -56 - -125. Let u = h - 35. What are the prime factors of u?
2, 17
Let d = 17 - 15. Let r = -26 - -38. Suppose d*v - 6 = -5*s, s - 4 = -5*v - r. List the prime factors of s.
2
Suppose -4*j = 3*j + 21. What are the prime factors of -4 + (27 - -1) + j?
3, 7
Suppose -5*u - 3*g = -632, -3*u = -4*g - 10 - 375. Let b = -71 + u. List the prime factors of b.
2, 7
Let v = -2 + -3. Let t(a) = -3*a**3 + 7*a**3 - 6 + 6*a**2 + 2 - 3*a**3. What are the prime factors of t(v)?
3, 7
Let p be 194/38 - (-32)/(-304). Suppose 3*m + 60 = p*o - 753, -2*o + 5*m + 310 = 0. What are the prime factors of o?
3, 5, 11
Let j(d) = d**2 + 15*d + 50. Let u be j(-5). Suppose u = -f - 5*h + 163, -f - 2*f + 489 = h. List the prime factors of f.
163
Let w(d) = 12*d**3 - 4*d**2 - 13*d - 10. List the prime factors of w(7).
3, 19, 67
Suppose -10 = 3*a + 5*m - 0, -4*m - 8 = 5*a. Let t be (-6 + a)/(3 + -5). Suppose 19 = l + 4*y, -4*y = -t*l + y + 23. List the prime factors of l.
11
Suppose 2*l - 204 - 892 = 0. What are the prime factors of l?
2, 137
Suppose -5*p + 2*r + 100 = -53, -3*p + r = -92. Let i = -26 + p. List the prime factors of i.
5
Let s = -32 + 75. Suppose i + i + q - s = 0, -3*i = 3*q - 66. List the prime factors of i.
3, 7
Suppose 14*j - 17*j = -9. Suppose 1189 = 4*w + j*t, 0*t + 304 = w + 3*t. What are the prime factors of w?
5, 59
Suppose 118 = -2*v + 4. Let r = v - -59. What are the prime factors of r?
2
Suppose -3*d = -2*i - 24, -2 = -2*d - 2*i + 4. Suppose -4*g + 792 = 4*k, -4*g + k - 393 = -d*g. What are the prime factors of g?
3, 5, 13
Suppose -h + 2*h - 11 = 0. Suppose -5*n + 4 = 3*j + h, -4*n = j + 7. List the prime factors of (30/7)/(j/7).
2, 3, 5
Let v = -528 + 1474. List the prime factors of v.
2, 11, 43
Suppose -31 = -2*k - 5*u, 2*k + u + 9 = 4*u. Suppose -k*n + 29 = -61. Suppose -2*p + 3*p - n = 4*b, -p + b + 33 = 0. List the prime factors of p.
2, 17
Let l(f) = 2*f**2 - f + 2. Let n(t) = 3*t**2 - t + 2. Let g(o) = -4*l(o) + 3*n(o). Let a be g(0). What are the prime factors of (1/(-2))/(a/68)?
17
Let m = -3458 - -6253. What are the prime factors of m?
5, 13, 43
Suppose 8*b - 2575 - 2969 = 0. What are the prime factors of b?
3, 7, 11
Let f = -384 + 135. What are the prime factors of (-44)/88 - (f/2)/1?
2, 31
Let d be -1 + (-1)/((-4)/84). Suppose d*b - 25*b = -115. List the prime factors of b.
23
Let j = -32 - -47. Let a(y) = 18 + y - 15 + 0*y. List the prime factors of a(j).
2, 3
Suppose -15 = -3*y - 6. Suppose -5*t - 5*g + 770 = 0, -y*t - 2*t = -4*g - 806. What are the prime factors of t?
2, 79
Let j(y) = y**3 + 11*y**2 + 2*y - 15. Let z(f) = -f**3. Let u(x) = j(x) + 2*z(x). Let k be u(11). What are the prime factors of k/21 + (-118)/(-6)?
2, 5
Suppose -295*d = -301*d + 2418. What are the prime factors of d?
13, 31
What are the prime factors of (-8)/(2 + -4) + (87 - 15)?
2, 19
Let i = 1330 - 609. List the prime factors of i.
7, 103
Let p(f) = -f**3 + 7*f**2 - 4*f - 9. Let o be p(6). Suppose -c + 212 + 105 = o*a, -3*c + 15 = 0. List the prime factors of a.
2, 13
Let i be (21 - 13)*(-270)/(-4). Suppose 7*p - i = p. List the prime factors of p.
2, 3, 5
Let l = 1491 - 212. What are the prime factors of l?
1279
Let b(p) = 26*p**2 - 6*p + 1. Let m(f) = f**2 - f. Let u(r) = b(r) - 6*m(r). Suppose 3 = 2*s + 1. List the prime factors of u(s).
3, 7
Suppose 0*v - p + 993 = 2*v, v - 498 = -p. List the prime factors of v.
3, 5, 11
Let k(r) = -r**3 + 26*r**2 - 74*r - 25. List the prime factors of k(18).
5, 13, 19
Let w(u) = -12*u**3 + 2*u**2 - 2*u - 5. Let f be w(-2). Let v = f - -125. What are the prime